5 = -50*w - 2095. Calculate the remainder when 10576 is divided by w.
127
Let o = -2033 - -2311. Calculate the remainder when o is divided by 83.
29
Let w(y) = -y**3 - 9*y**2 - 41*y - 124. What is the remainder when w(-8) is divided by 61?
18
Let a be (-1)/(-3)*0 + 2. Let c be ((-1)/2*7)/(a/(-16)). What is the remainder when 92 is divided by ((-32)/3)/(-2)*126/c?
20
Let f = 1817 + -1622. Calculate the remainder when 806 is divided by f.
26
Let r(m) be the third derivative of -89*m**4/12 + m**3/3 + 72*m**2. What is the remainder when r(-1) is divided by 46?
42
Let w(d) = -d**2 - 14*d - 25. What is the remainder when 170 is divided by w(-11)?
2
Let q(j) = j + 16. Let w be q(-12). Suppose 0 = 3*m - m + w*y - 98, y = 0. Let x = 124 - m. What is the remainder when x is divided by 39?
36
Let n be (6 + 5/5)*4/14. Suppose d - 4*b + n = 6*d, -3*d + 4*b = -14. Suppose 0 = -s - 3, -s = -p - 2*s + d. Calculate the remainder when p is divided by 3.
2
Suppose 5*v + 2*z = -2*z - 53, -3*v = 5*z + 37. Let w = 8 + v. What is the remainder when 20 is divided by (0/3 - w) + 16?
3
Suppose 0 = -t + 5 + 38. What is the remainder when (-27)/(432/(-112)) + 422/1 is divided by t?
42
Suppose -10*k + 106469 + 37855 = 2*k. Calculate the remainder when k is divided by 53.
49
Suppose 0 = 2*a + 2*y - 108, -3*y - 38 = 8*a - 9*a. Calculate the remainder when 116*(4/(-8) + 1) is divided by a.
8
Suppose 0*k + 693 = -3*k. Let f = -118 - k. What is the remainder when f is divided by 29?
26
Let a = 1639 - 927. Suppose a = -4*b + 820. Calculate the remainder when b is divided by 16.
11
Let d(c) = c**3 - 7*c**2 - c - 27. Suppose z - 31 = -4*t - 35, -z - 5*t - 7 = 0. What is the remainder when 103 is divided by d(z)?
16
Suppose u - 410 = -10*n + 15*n, 3*u = -3*n + 1248. Calculate the remainder when u is divided by 42.
37
Let f be 10/15*(2 + -4 + -1). Calculate the remainder when 129 is divided by f/(-3)*(-3 - -6)*11.
19
Let x(w) = 17*w - 221. What is the remainder when 645 is divided by x(14)?
16
Suppose 2*v - 220 = -4*t, 0*t - t + 4*v = -46. Let g be ((-15)/(-20))/(-1)*4. Calculate the remainder when g/(t/(-4)) + (-115)/(-9) is divided by 4.
1
Let s = 1224 - 1214. Suppose -21 = -6*l + 3*l. Suppose 1 = -2*t + l. Calculate the remainder when s is divided by t.
1
Let t be (794 - 0)*(-5)/10. Let u = 410 + t. Calculate the remainder when 530 is divided by u.
10
Let u be 2*3/12 + (-7222)/(-4). Suppose -4*v = 3*d - 262 - u, 0 = 5*v + d - 2585. Calculate the remainder when v is divided by 26.
23
Let m = 35 + -124. Let t = 124 + m. What is the remainder when 93 is divided by t?
23
Suppose -3*l = -9, 0 = -77*b + 73*b + 5*l + 6445. Calculate the remainder when b is divided by 101.
100
Let l(w) = -10 - 5*w + 27 + 51. What is the remainder when l(-18) is divided by 48?
14
Let u = -20640 - -22664. Calculate the remainder when u is divided by 27.
26
Suppose -829 + 823 = -2*q, -2*z + 2*q = -1120. Calculate the remainder when z is divided by 561.
2
Let z(l) = 5*l**2 + 13*l + 21. Suppose 5*d = 2*u + 2*d + 6, d = -5*u - 15. What is the remainder when 159 is divided by z(u)?
24
Suppose 303*j - 281*j = 21648. Calculate the remainder when j is divided by 34.
32
Let h(q) = -2*q**3 + 11*q**2 - 13*q + 24. Let v be h(7). What is the remainder when 20 - 22 - (v - 1) is divided by 72?
69
Suppose -3*z + 51 = 5*x, -22 + 50 = 4*x - 4*z. Suppose 8*f - 71 + 7 = 0. Let y(s) = s**2 - 5*s + 10. Calculate the remainder when y(f) is divided by x.
7
Let m(p) = -7*p + 42. Let a be m(6). Suppose a*n - n = 5*u - 34, 4*u + 4*n = 24. What is the remainder when 17 is divided by u?
3
Let f be ((-9)/(-5) + -1)*40. Let i = 53 - f. Suppose 2*j - 123 = i. Calculate the remainder when j is divided by 37.
35
Let h be 7965/(-40)*10 - 2/(-8). What is the remainder when h/44*(-3)/((-3)/(-4)) is divided by 2*3/9 + 134/6?
20
Suppose -622 = 73*r - 2301. What is the remainder when 3333 is divided by r?
21
Suppose -5*q - 6*c + 683 = 0, -411 = -14*q + 11*q - 4*c. Let n(x) = -x**3 + 3*x**2 - 4*x + 1. Calculate the remainder when q is divided by n(-3).
66
Suppose -2*c - 699 - 1823 = -4*u, -3160 = -5*u + 4*c. Calculate the remainder when u is divided by 14.
12
Suppose 27 = -9*s + 81. Let j = -28 + 31. Suppose 4*f = -5*r + 93, -2*f + 45 = -2*r + j*r. Calculate the remainder when f is divided by s.
4
Let t(c) = -80*c + 1058. Calculate the remainder when 12633 is divided by t(13).
15
Let o(d) = -d**2 - 30*d + 49. What is the remainder when 3625 is divided by o(-30)?
48
Suppose 4*r - 17 = 4*x + 51, -x + 93 = 4*r. Calculate the remainder when 173 is divided by r.
19
Let a(g) = -14*g - 149. Let v = 324 + -340. What is the remainder when 148 is divided by a(v)?
73
Calculate the remainder when (4/(-6) - (-542)/(-6))*9600/(-1344) is divided by 126.
20
Suppose -349*y + 336*y + 3016 = 0. What is the remainder when y is divided by 16?
8
Let q(f) = -7*f - 11. Let x be q(-5). Let g be (50/(-8))/(-1) - x/(-32). Let a = 45 - g. Calculate the remainder when 188 is divided by a.
36
Suppose 0 = -6*r - 0*r. Suppose r*i + i - 6 = 0. Suppose 0 = -5*z + 4*x + 173, z + x + 167 = i*z. Calculate the remainder when z is divided by 12.
9
Let p = -362 + 366. Let c(n) = 10*n**3 + 2*n**2 + n + 4. What is the remainder when c(p) is divided by 22?
20
Suppose -4*y + 6*y + 4*b + 16 = 0, -4*b - 24 = 4*y. Let w(m) = -33*m - 121. Calculate the remainder when 74 is divided by w(y).
8
Let n = -10 + 17. Suppose 0 = -5*u - 5*g + 35, 8*u - 6*u - 5*g - 14 = 0. Let l(b) = 17*b**2 - 117*b + 12. Calculate the remainder when l(u) is divided by n.
5
Suppose -750 + 548 = -60*y + 2138. Let k = -22 + 42. Calculate the remainder when y is divided by k.
19
Let s be (64/40)/(2/125). Let q = s + 168. Calculate the remainder when 49 is divided by 12/90 - q/(-15).
13
Let g(c) = -c**3 + 10*c**2 + 11*c + 6. Let q be g(11). Suppose -616 = -r - q*r. Suppose 0 = 5*j - r - 27. What is the remainder when 43 is divided by j?
20
Let s(p) = 66*p - 2265. Calculate the remainder when s(49) is divided by 162.
159
Suppose -67*h + 180 = -7860. What is the remainder when h is divided by 66?
54
Let f be (-6)/(2 - 9/5). Calculate the remainder when 2/(-4) + (-5505)/f is divided by 17.
13
Suppose -2*g + 2 - 4 = 0. Suppose 3*r - 12 = -u, 3*r - 55 = -2*u - 28. Calculate the remainder when u is divided by -4*((-6)/(-4))/g.
3
Suppose p + 363 = 2*g, 11*p = g + 7*p - 171. What is the remainder when 373 is divided by g?
7
Suppose -115*d + 2652 = -7468. Calculate the remainder when d is divided by 41.
6
Suppose 4*h = -0*h + 300. Let p = 3163 + -2945. Calculate the remainder when p is divided by h.
68
Let m = -17502 - -17509. Calculate the remainder when 6065 is divided by m.
3
Let g = -16246 - -16737. Calculate the remainder when g is divided by 83.
76
Let f be (6/(-27) - (-6)/27)/(-2). Suppose 2*r + r - 36 = f. Let x = 36 - r. What is the remainder when 116 is divided by x?
20
Suppose 0 = l + 3*m - 192, 2*l - 653 + 261 = -4*m. Suppose -l - 258 = -6*d. Calculate the remainder when 300 is divided by d.
69
Suppose -10*m = 5*m + 120. What is the remainder when 219 is divided by (-1062)/(-42) - m/(-28)?
19
Let q(l) = l**3 + 15*l**2 - 17*l - 11. Let d be q(-16). Suppose 4*y - 2*k = -y + 215, 5*y - 180 = -d*k. Calculate the remainder when y is divided by 9.
5
Let g(k) = 2*k**2 - 156*k + 3343. Calculate the remainder when g(24) is divided by 35.
16
Suppose 6*b + 14 = 278. What is the remainder when (4 - 1925/(-10))*2 is divided by b?
41
Let o = -7275 + 7455. What is the remainder when 541 is divided by o?
1
Let t be 3/(-6) - 222/12. Let f(q) = -q**2 - 19*q + 3. What is the remainder when 31 is divided by f(t)?
1
Let o = -229 + 256. Suppose -7*x + q - 63 = -12*x, -2*x = q - o. What is the remainder when 70 is divided by x?
10
Let c(m) = 59*m + 9018. What is the remainder when c(-152) is divided by 3/((-27)/6)*-57?
12
Let j = 838 + -677. What is the remainder when 2414 is divided by j?
160
Let n be (6/5)/(12/(-30))*-1. Suppose -t + 126 = 2*t. Suppose -n*q = -4*o - 58, -5*q - t = -4*o - 136. Calculate the remainder when q is divided by 7.
4
Let i be 2640/25 - 3/10*2. Let p = -10 - -12. Suppose -i = -p*m - m. Calculate the remainder when 174 is divided by m.
34
Let n = 181 - 114. Let v(r) = 8*r**3 - r**2 - 2*r + 3. Calculate the remain